nder when 31841626 is divided by 4771?
4743
Calculate the remainder when 396066 is divided by 490.
146
Calculate the remainder when 107560 is divided by 14309.
7397
What is the remainder when 189440 is divided by 1539?
143
What is the remainder when 24834 is divided by 480?
354
What is the remainder when 605998 is divided by 2666?
816
Calculate the remainder when 138805 is divided by 214.
133
What is the remainder when 269581918 is divided by 96?
94
Calculate the remainder when 153592 is divided by 1491.
19
What is the remainder when 3464116 is divided by 1154669?
109
What is the remainder when 58742825 is divided by 29371396?
33
What is the remainder when 257343 is divided by 1357?
870
What is the remainder when 1932517 is divided by 1575?
1567
Calculate the remainder when 8466 is divided by 4207.
52
What is the remainder when 158609 is divided by 52492?
1133
Calculate the remainder when 8593239 is divided by 4296587.
65
What is the remainder when 794409 is divided by 251?
245
What is the remainder when 3066564 is divided by 180385?
19
Calculate the remainder when 5694701 is divided by 621.
131
Calculate the remainder when 2157298 is divided by 238.
66
Calculate the remainder when 348435 is divided by 3111.
3
What is the remainder when 1576235 is divided by 13826?
71
Calculate the remainder when 166781 is divided by 40659.
4145
Calculate the remainder when 149504562 is divided by 444.
438
Calculate the remainder when 413330 is divided by 51628.
306
What is the remainder when 18704 is divided by 978?
122
What is the remainder when 13433564 is divided by 4159?
4153
What is the remainder when 1207075 is divided by 801?
769
What is the remainder when 553912 is divided by 6516?
52
Calculate the remainder when 3479364 is divided by 1554.
1512
What is the remainder when 11262 is divided by 1412?
1378
Calculate the remainder when 116983 is divided by 2166.
19
Calculate the remainder when 3061574 is divided by 54.
44
What is the remainder when 378661 is divided by 135?
121
What is the remainder when 2326251646 is divided by 394?
392
What is the remainder when 871077 is divided by 36?
21
What is the remainder when 296254 is divided by 967?
352
Calculate the remainder when 120228 is divided by 30008.
196
What is the remainder when 4338856 is divided by 49?
4
Calculate the remainder when 6998654 is divided by 160.
94
What is the remainder when 521950 is divided by 735?
100
Calculate the remainder when 1192682 is divided by 596325.
32
What is the remainder when 598250 is divided by 29912?
10
Calculate the remainder when 202412 is divided by 5367.
3833
Calculate the remainder when 90356 is divided by 1704.
44
Calculate the remainder when 7565199 is divided by 1168.
63
What is the remainder when 8165002 is divided by 413?
405
Calculate the remainder when 5275198 is divided by 149.
2
What is the remainder when 8335 is divided by 7757?
578
What is the remainder when 21981468 is divided by 32?
28
Calculate the remainder when 138791 is divided by 1578.
1505
What is the remainder when 2666112 is divided by 382?
134
Calculate the remainder when 722207 is divided by 9725.
2557
What is the remainder when 242097 is divided by 14179?
1054
Calculate the remainder when 12115619 is divided by 9.
8
Calculate the remainder when 12500 is divided by 460.
80
What is the remainder when 186740 is divided by 869?
774
Calculate the remainder when 3593001 is divided by 6227.
22
Calculate the remainder when 1612760 is divided by 124058.
6
Calculate the remainder when 112201 is divided by 466.
361
Calculate the remainder when 348475 is divided by 2018.
1379
What is the remainder when 95370021 is divided by 2989?
2987
Calculate the remainder when 4751074 is divided by 1583630.
184
What is the remainder when 492159 is divided by 12632?
12143
What is the remainder when 108905 is divided by 697?
173
What is the remainder when 17318117 is divided by 2579?
132
Calculate the remainder when 1527318 is divided by 549.
0
What is the remainder when 1720030099 is divided by 740?
739
What is the remainder when 28057 is divided by 15895?
12162
What is the remainder when 26835978 is divided by 380?
378
Calculate the remainder when 939780 is divided by 5837.
23
What is the remainder when 101994 is divided by 50938?
118
What is the remainder when 11673321 is divided by 614385?
6
What is the remainder when 781438 is divided by 75?
13
Calculate the remainder when 2323742 is divided by 325.
317
What is the remainder when 55840992 is divided by 311?
9
What is the remainder when 1000614 is divided by 4070?
3464
What is the remainder when 206485 is divided by 677?
0
What is the remainder when 8691 is divided by 4983?
3708
Calculate the remainder when 194851 is divided by 171.
82
What is the remainder when 2009015 is divided by 1611?
98
Calculate the remainder when 1441438 is divided by 4449.
4411
Calculate the remainder when 37198186 is divided by 13.
12
What is the remainder when 1289729 is divided by 6788?
9
What is the remainder when 27530307 is divided by 561843?
0
What is the remainder when 5136506 is divided by 321024?
122
Calculate the remainder when 3506906 is divided by 330.
326
What is the remainder when 1524179 is divided by 408?
299
Calculate the remainder when 1524462 is divided by 10812.
10782
What is the remainder when 4371065 is divided by 2770?
5
What is the remainder when 1461607 is divided by 30?
7
What is the remainder when 43811823 is divided by 66?
33
What is the remainder when 668204 is divided by 668108?
96
What is the remainder when 5899635 is divided by 33?
27
What is the remainder when 129024 is divided by 396?
324
Calculate the remainder when 69579 is divided by 144.
27
What is the remainder when 513978 is divided by 17723?
11
Calculate the remainder when 2656202 is divided by 3454.
76
Calculate the remainder when 109081 is divided by 2416.
361
Calculate the remainder when 3214639 is divided by 160719.
259
What is the remainder when 64875710 is divided by 10812617?
8
Calculate the remainder when 169292 is divided by 42321.
8
What is the remainder when 110097 is divided by 6881?
1
What is the remainder when 847521 is divided by 282379?
384
Calculate the remainder when 3419007 is divided by 2669.
18
What is the remainder when 309036 is divided by 30903?
6
Calculate the remainder when 3729619 is divided by 300.
19
Calculate the remainder when 14888512 is divided by 13.
2
Calculate the remainder when 220027 is divided by 20.
7
Calculate the remainder when 16647688 is divided by 320.
8
Calculate the remainder when 753060 is divided by 1179.
858
Calculate the remainder when 6426653 is divided by 14911.
12
Calculate the remainder when 6551801 is divided by 42544.
25
Calculate the remainder when 58466526 is divided by 951.
948
Calculate the remainder when 1234110 is divided by 308291.
946
Calculate the remainder when 56019049 is divided by 767384.
17
Calculate the remainder when 24095 is divided by 3433.
64
What is the remainder when 31571027 is divided by 2720?
2707
What is the remainder when 22960686 is divided by 4430?
4426
Calculate the remainder when 14179478 is divided by 70.
68
What is the remainder when 710418 is divided by 50?
18
What is the remainder when 565823 is divided by 282890?
43
What is the remainder when 17638249 is divided by 383440?
9
Calculate the remainder when 2911568 is divided by 2911176.
392
Calculate the remainder when 682250 is divided by 4011.
380
What is the remainder when 6166126 is divided by 161?
148
What is the remainder when 140008498 is divided by 18?
16
What is the remainder when 3190132 is divided by 372?
232
What is the remainder when 5404811 is divided by 415754?
9
Calculate the remainder when 7240793 is divided by 71.
0
Calculate the remainder when 14678042 is divided by 7339007.
28
Calculate the remainder when 3770132 is divided by 3998.
18
Calculate the remainder when 1603866 is divided by 46.
30
What is the remainder when 35265 is divided by 670?
425
Calculate the remainder when 59544 is divided by 11691.
1089
What is the remainder when 10070638 is divided by 1993?
9
What is the remainder when 2716282 is divided by 2637?
172
Calculate the remainder when 3793725 is divided by 1767.
1743
Calculate the remainder when 13454755 is divided b